y. Calculate the remainder when l is divided by w.
10
Suppose 0 = 5*g + 3*l - 30, -20 = -7*g + 2*g - l. Let o(b) = 2*b - g + 2 + 54*b**2 - b. What is the remainder when o(1) is divided by 14?
12
Suppose -g = -2*j - 4, -4 = g + 3*j - 3. What is the remainder when (g*31 + 0)/(16/40) is divided by 12?
11
Suppose 234 = 13*b + 5*b. Let g(n) = n**2 + n - 8. Calculate the remainder when g(8) is divided by b.
12
Calculate the remainder when 9/15 - (-9)/(90/814) is divided by 42.
40
Calculate the remainder when 194 is divided by 43/172 + (-110)/(-8).
12
Let t be 14/(-4)*24/(-14). Suppose -5*w - 3*s + 13 = 0, -2*s + 12 = 2*w + t. What is the remainder when 3 is divided by w?
1
Suppose 94 + 314 = 4*l. Calculate the remainder when l is divided by 23.
10
Suppose -15*x = -12*x - 33. Let n = 8 - x. What is the remainder when 5 is divided by 25/20 - n/4?
1
Suppose -9500 = -38*a - 2888. What is the remainder when a is divided by 168?
6
Suppose -10 = -5*d + 20. Suppose -3 = y, 2*b - 5*y - 40 = 51. Calculate the remainder when b is divided by d.
2
Let q(j) = -j**2 + 25*j - 59. Calculate the remainder when 207 is divided by q(3).
4
Let r = 10 + -3. Let k = r + -5. Calculate the remainder when 4 is divided by k.
0
Suppose -z - 339 = -2*r, -693 = -4*r - 2*z + 7*z. Suppose 12*u = 13*u - 34. What is the remainder when r is divided by u?
31
Suppose -w = 5*w - 54. Suppose 2*y = w*y - 112. Calculate the remainder when 46 is divided by y.
14
Let a be -1*1/2*10. Let v = 3 - a. Suppose -3*p = p - v. What is the remainder when 6 is divided by p?
0
Suppose -5*a + 4 = -a, 5*a + 7 = 3*v. Suppose v*x = x + 15. Let f(k) = k**3 - 4*k**2 - 4*k + 4. What is the remainder when f(5) is divided by x?
4
Let o(u) = 3*u + 10. Let v be o(-4). Let i(h) = 6*h**2 + h - 2. Calculate the remainder when i(v) is divided by 7.
6
Suppose y + 3*v = 35, 0 = 5*y - 5*v - 79 - 36. Calculate the remainder when 389 is divided by y.
25
Let t be (-5 - -4)/((-2)/(-4)). Let y = t + 19. What is the remainder when y is divided by 6/15 + (-36)/(-10)?
1
Let a(y) = y**2 - 6*y + 2. Let t be a(4). Let v = t - 0. Let n = -3 - v. What is the remainder when 3 is divided by n?
0
Let q = 153 + -44. Calculate the remainder when q is divided by (-7 + 6)*-27 - (14 - 15).
25
Suppose -1877 = -9*u - 500. What is the remainder when u is divided by 53?
47
Let t(o) = -3*o + 1. Let c be t(-1). Let p = -619 - -705. Calculate the remainder when p is divided by ((-55)/(-10))/(1/c).
20
Suppose -4*o + 2*s = -958, 3*o + 3*s - s - 715 = 0. What is the remainder when o is divided by 82?
75
Let b = -51 + 63. Suppose 10*f - 595 = 5*f - 3*s, 3*f - 5*s = 357. Calculate the remainder when f is divided by b.
11
Let w(g) = 40*g - 47. What is the remainder when 326 is divided by w(2)?
29
Let w = 0 + 0. Suppose -p + 32 = -w*p. Suppose -18 - p = -2*j. Calculate the remainder when 48 is divided by j.
23
Let s(r) = r**3 - 9*r**2 + 24*r - 42. What is the remainder when 1033 is divided by s(7)?
25
Suppose 5 = i - 0*s - 2*s, -2*i + 34 = 4*s. Suppose 0 = 4*z - i - 9. Calculate the remainder when (-950)/125*(-20)/8 is divided by z.
4
Let t be ((-135)/(-10))/(-9)*(-4)/3. What is the remainder when 19 is divided by (-4 + 5 - (1 - t))*5?
9
Suppose -2*c - 3*r - 1 = 0, -2*c - 5*r = 3*c. Calculate the remainder when (-21)/(-12)*-4*(-5)/c is divided by 6.
5
Suppose 0*y + 5*y + 55 = 0. Let h = -7 - y. Suppose 2 = n + h*d, -2*n + 2*d = -2 - 32. Calculate the remainder when n is divided by 8.
6
Let l be (12/(-8))/(1 - -5)*0. Suppose -980 = 3*r - 7*r. Suppose -5*f - 4*c + r = l, -2*c = 7 + 3. Calculate the remainder when f is divided by 28.
25
Suppose p - 16 = -w, p = w - 0*p - 14. What is the remainder when 552 is divided by w?
12
Suppose -52*p + 49*p = 0. Let d(x) = -2*x**2 - x + 4. Let q = -14 + 28. Calculate the remainder when q is divided by d(p).
2
Calculate the remainder when 215 is divided by (-239)/(-9) - 36/(-81).
26
Suppose -69*r = 3*p - 71*r - 560, -r = -2*p + 375. Calculate the remainder when p is divided by 32.
30
Suppose 122*p = 129*p - 700. What is the remainder when p is divided by 38?
24
Let u(w) = 16*w**2 - 2*w. Let l(v) = 4*v - 31. Calculate the remainder when u(2) is divided by l(13).
18
Let x(d) = 4*d**3 + 3*d**2 + 28*d - 38. Calculate the remainder when x(6) is divided by 92.
90
What is the remainder when -14 + 24 - -2*144 is divided by 144?
10
Let y(w) = w**3 + 18*w**2 - 2*w - 281. What is the remainder when y(-17) is divided by 18?
6
Let c(m) = 0 - m - 10 + 7. Calculate the remainder when 30 is divided by c(-11).
6
Suppose x - 4*q + 5 = 0, -q - 29 = -x - 2*x. Let a = -49 - -91. Calculate the remainder when a is divided by x.
9
Let z be 6/8 - (-25)/20. Suppose 14 = 4*u - z*u + 3*t, 4*u + t - 48 = 0. What is the remainder when u is divided by 28/182 + 111/39?
1
Suppose -3*n + 0*n + 48 = 3*s, 2*n = 10. Let a = s - 6. Calculate the remainder when a is divided by 2.
1
Let m(i) = 16*i + 1. Suppose 4*g - 30 = -h, -43 + 18 = -5*g. Calculate the remainder when m(1) is divided by h.
7
Let a = 3 - 0. Let w be (-4)/(-14) + (-96)/(-7). Suppose 2*y + r = 13 + w, 3*y = -a*r + 36. Calculate the remainder when 44 is divided by y.
14
Suppose -105 = -0*t - t - o, 0 = -4*t - o + 420. Let l(v) = -v**2 - 21*v - 68. What is the remainder when t is divided by l(-5)?
9
Let n = 92 + -19. Let w = 374 - 355. What is the remainder when n is divided by w?
16
Let j(k) = 2*k**3 + 0*k**2 + k**2 + 2*k**3 + 1. Calculate the remainder when j(2) is divided by 10.
7
Let t(z) = z + 11. Let k(j) = -2*j**3 + 3*j**2 + 4*j - 2. Let h be k(-2). Let q = 32 - h. What is the remainder when q is divided by t(-6)?
4
Let m(h) = -h**2 + 14*h - 7. Let g be m(8). Let n = g - 20. Suppose 0 = -2*q + u + 164, -4*q + 4*u = -q - 246. What is the remainder when q is divided by n?
19
Suppose -3*x + 48 = -24. Suppose -4*w = -3*i - x, 4*w + 7 = -5*i - 1. What is the remainder when w is divided by 1?
0
Suppose -5 = -f, 5*f = 7*r - 2*r + 5. Suppose 3*z = -4*t + 126, -4*z + 149 = -5*t + 4*t. Calculate the remainder when z is divided by r.
2
Suppose -k = -7*k + 42. Suppose 35 = -k*t + 742. Calculate the remainder when t is divided by 34.
33
Let x(j) = 124*j - 9. Let b be x(2). Suppose 8*w = b - 47. What is the remainder when (-1 - 69 - 1)*-1 is divided by w?
23
Let k be 4 - -6*(-1 - -2). Let l(o) = o**3 - 9*o**2 - 11*o + 4. Let d be l(k). What is the remainder when 46 is divided by (d/5)/(18/(-180))?
10
Suppose -11*l + 20*l - 351 = 0. Let w(d) = 1 + 7 + 12*d - 10*d. Calculate the remainder when l is divided by w(7).
17
Suppose -5*o - 6 = -141. Let d = -1392 - -2242. What is the remainder when d/8 - (-3)/(-14 - -2) is divided by o?
25
Suppose 3*h - 210 = h. Let g = -3823 + 3850. Calculate the remainder when h is divided by g.
24
Let k(c) = 26*c - 116. Calculate the remainder when k(7) is divided by 25.
16
Suppose 5*a = 40 - 0. Let u = a - -19. Suppose -2*p - 3*h = -8, 22 = 7*p - 5*p - 4*h. What is the remainder when u is divided by p?
6
Suppose 11*f - 6*f - 295 = -2*s, f - 3*s - 42 = 0. Calculate the remainder when f is divided by 13.
5
Let u(a) = 12*a**3 + 4*a - 4. Let i be (-3 - 8/(-2))/1. Calculate the remainder when (2 + 29 - -3)/i is divided by u(1).
10
Suppose -r - r = 2*i - 16, 0 = 2*i - 5*r + 12. Suppose -l - 24 = i*d - 78, -5*d - 213 = -3*l. What is the remainder when l is divided by 35?
31
Let u = 615 - 349. Suppose -4*w + u = -606. Suppose 0*q + w = 4*q - 5*o, -4*o = 5*q - 293. What is the remainder when q is divided by 20?
17
Calculate the remainder when (2/(-6))/((-27)/13770) is divided by 102.
68
Let k = -15 + 106. Suppose 3*t - u = 7, -u + 15 = 3*t + 2*u. Suppose -x - 26 = t*j - 114, 0 = 5*j - 3*x - 170. What is the remainder when k is divided by j?
29
Let r = -106 + 124. What is the remainder when r is divided by 8?
2
Suppose -15*d = -684 + 39. What is the remainder when 257 is divided by d?
42
Let l(y) = 10*y + 118. What is the remainder when l(11) is divided by 5?
3
Let v(r) = -3*r**3 + 2*r**2 + 5. Let a be v(-4). Let s = a - 154. Calculate the remainder when s is divided by 19.
18
Suppose 27*t + 17 = 562 - 59. Suppose 3*h = -2*h + 170. What is the remainder when h is divided by t?
16
Suppose 478 = 16*w - 194. What is the remainder when 65 is divided by w?
23
Suppose -28 = 4*b + 3*c 